 when 3540762 is divided by 115.
27
Calculate the remainder when 2979269 is divided by 3669.
41
Calculate the remainder when 85497 is divided by 202.
51
Calculate the remainder when 188936 is divided by 20941.
467
Calculate the remainder when 142260160 is divided by 3642.
3640
Calculate the remainder when 216674 is divided by 3943.
3752
What is the remainder when 1982085 is divided by 2048?
1669
Calculate the remainder when 3948632 is divided by 982.
10
Calculate the remainder when 107571746 is divided by 663.
659
Calculate the remainder when 3508352 is divided by 22.
12
Calculate the remainder when 34841 is divided by 4230.
1001
What is the remainder when 542625219 is divided by 2980?
2979
What is the remainder when 66133 is divided by 504?
109
What is the remainder when 955160 is divided by 7128?
8
What is the remainder when 66157 is divided by 15175?
5457
What is the remainder when 5294356 is divided by 1443?
1432
What is the remainder when 20905480 is divided by 43?
41
Calculate the remainder when 300068486 is divided by 508.
506
What is the remainder when 552440 is divided by 69055?
0
Calculate the remainder when 5437 is divided by 131.
66
Calculate the remainder when 4976 is divided by 199.
1
Calculate the remainder when 1122082 is divided by 19017.
79
What is the remainder when 86449404 is divided by 3729?
3726
What is the remainder when 421909 is divided by 10287?
142
What is the remainder when 4886 is divided by 535?
71
What is the remainder when 5844147 is divided by 6075?
6072
Calculate the remainder when 61708754 is divided by 913.
910
Calculate the remainder when 1493239 is divided by 6390.
4369
Calculate the remainder when 67205 is divided by 1360.
565
Calculate the remainder when 2760678 is divided by 1309.
1306
What is the remainder when 18223663 is divided by 4555911?
19
What is the remainder when 864649 is divided by 857?
793
What is the remainder when 4391245 is divided by 42222?
157
Calculate the remainder when 846519433 is divided by 282173140.
13
What is the remainder when 13047338 is divided by 1852?
1850
Calculate the remainder when 1436633 is divided by 60.
53
Calculate the remainder when 10968 is divided by 1711.
702
Calculate the remainder when 361263 is divided by 536.
535
What is the remainder when 84567659 is divided by 257?
10
What is the remainder when 1384068 is divided by 2450?
2268
What is the remainder when 43196304 is divided by 44168?
0
Calculate the remainder when 114914145 is divided by 1284.
1281
What is the remainder when 45120735 is divided by 8?
7
What is the remainder when 7267104 is divided by 1655?
1654
What is the remainder when 620566615 is divided by 1356?
1351
What is the remainder when 3663885 is divided by 592?
589
What is the remainder when 38300409 is divided by 12766794?
27
What is the remainder when 37984 is divided by 2479?
799
Calculate the remainder when 386390 is divided by 25728.
470
Calculate the remainder when 3178199 is divided by 2586.
5
What is the remainder when 53635059 is divided by 7662148?
23
What is the remainder when 6526459 is divided by 17?
6
Calculate the remainder when 79490 is divided by 6462.
1946
Calculate the remainder when 2367808 is divided by 921.
838
What is the remainder when 469774 is divided by 27631?
47
What is the remainder when 2895861 is divided by 626?
611
What is the remainder when 469655 is divided by 45?
35
What is the remainder when 2058496 is divided by 2358?
2320
What is the remainder when 75799 is divided by 14829?
1654
Calculate the remainder when 17239528 is divided by 29.
14
Calculate the remainder when 90783 is divided by 5036.
135
Calculate the remainder when 115578 is divided by 513.
153
Calculate the remainder when 2791268 is divided by 31.
28
Calculate the remainder when 505016 is divided by 126232.
88
What is the remainder when 44089 is divided by 2735?
329
What is the remainder when 7829357 is divided by 310?
307
Calculate the remainder when 278090 is divided by 59.
23
Calculate the remainder when 2408425 is divided by 200692.
121
What is the remainder when 343665254 is divided by 479?
477
Calculate the remainder when 68868 is divided by 41.
29
Calculate the remainder when 24752 is divided by 1397.
1003
Calculate the remainder when 5190823 is divided by 175.
148
What is the remainder when 41545 is divided by 832?
777
Calculate the remainder when 8613368 is divided by 783028.
60
What is the remainder when 125092 is divided by 3459?
568
What is the remainder when 2677723 is divided by 108?
79
Calculate the remainder when 57838797 is divided by 1228.
1225
What is the remainder when 2407152 is divided by 475?
327
Calculate the remainder when 151681 is divided by 58.
11
Calculate the remainder when 195420583 is divided by 2846.
2839
Calculate the remainder when 14081 is divided by 530.
301
What is the remainder when 1278881 is divided by 4617?
4589
Calculate the remainder when 241124 is divided by 2275.
2249
Calculate the remainder when 118730 is divided by 965.
35
Calculate the remainder when 12297521 is divided by 4099148.
77
Calculate the remainder when 6364501 is divided by 1227.
52
Calculate the remainder when 2196496 is divided by 1098007.
482
Calculate the remainder when 4770669 is divided by 46.
9
Calculate the remainder when 18013406 is divided by 426.
422
Calculate the remainder when 783118010 is divided by 2271.
2267
What is the remainder when 4195339 is divided by 53786?
31
What is the remainder when 23285543 is divided by 1569?
14
Calculate the remainder when 201920 is divided by 1232.
1104
What is the remainder when 626577 is divided by 440?
17
Calculate the remainder when 1131771 is divided by 39025.
46
Calculate the remainder when 1311827 is divided by 13.
10
What is the remainder when 3639832 is divided by 321?
13
What is the remainder when 98589341 is divided by 5982?
5981
Calculate the remainder when 203456 is divided by 1297.
1124
What is the remainder when 160257 is divided by 6560?
2817
What is the remainder when 6015067 is divided by 1002508?
19
Calculate the remainder when 33715923 is divided by 136.
27
What is the remainder when 40171327 is divided by 382584?
7
What is the remainder when 45035482 is divided by 21?
16
Calculate the remainder when 83053 is divided by 79874.
3179
What is the remainder when 1197529 is divided by 133?
130
Calculate the remainder when 7060711 is divided by 15.
1
What is the remainder when 47553 is divided by 218?
29
Calculate the remainder when 23585263 is divided by 371.
51
Calculate the remainder when 2300826 is divided by 766894.
144
Calculate the remainder when 346891228 is divided by 653.
650
What is the remainder when 1588179 is divided by 461?
34
What is the remainder when 1891233 is divided by 2076?
2073
What is the remainder when 1340980 is divided by 49?
46
What is the remainder when 2925761 is divided by 31125?
11
Calculate the remainder when 3237271 is divided by 25.
21
Calculate the remainder when 703171 is divided by 15981.
7
Calculate the remainder when 258766 is divided by 1102.
898
What is the remainder when 54405675 is divided by 2472983?
49
What is the remainder when 2887469 is divided by 68748?
53
What is the remainder when 726773426 is divided by 1129?
1127
What is the remainder when 1716967 is divided by 119?
35
Calculate the remainder when 5375861 is divided by 5375859.
2
What is the remainder when 788060 is divided by 249?
224
Calculate the remainder when 252334971 is divided by 5474.
5467
Calculate the remainder when 30783937 is divided by 184.
1
Calculate the remainder when 95782 is divided by 319.
82
Calculate the remainder when 46179 is divided by 4358.
2599
What is the remainder when 60207175 is divided by 4631321?
2
What is the remainder when 10920 is divided by 342?
318
Calculate the remainder when 7803 is divided by 39.
3
What is the remainder when 26174457 is divided by 598?
595
What is the remainder when 1177564 is divided by 392517?
13
Calculate the remainder when 13675771 is divided by 39871.
18
What is the remainder when 634038 is divided by 63403?
8
Calculate the remainder when 52123 is divided by 42.
1
Calculate the remainder when 3747477 is divided by 100.
77
What is the remainder when 11364974 is divided by 324710?
124
Calculate the remainder